{"id":2459,"date":"2018-11-05T11:21:49","date_gmt":"2018-11-05T14:21:49","guid":{"rendered":"https:\/\/sergiomercurio.com.ar\/web\/?page_id=2459"},"modified":"2024-01-14T15:54:52","modified_gmt":"2024-01-14T18:54:52","slug":"programa-de-radio-echado-de-la-libreria","status":"publish","type":"page","link":"https:\/\/sergiomercurio.com.ar\/web\/programa-de-radio-echado-de-la-libreria\/","title":{"rendered":"PODCAST: Echado de la librer\u00eda. 2018\/2019"},"content":{"rendered":"\n<h2 class=\"eplus-zhuIOB wp-block-heading\">En el a\u00f1o 2018, Hern\u00e1n Cacace me propone que participe en su programa semanal de radio con una columna con respecto a mis viajes. Ya hac\u00eda un tiempo que ya quer\u00eda dejar de hablar de mi pasado, entonces le propuse realizar una columna de literatura. Se me ocurri\u00f3 elegir autores que a mi modo de ver eran poco conocidos, o totalmente ignorados. Eleg\u00ed 10, hacer cada programa fue un enorme disfrute, en cierto aspecto a algunos los tuve que descubrir, lo m\u00e1s dificil fue explicar por qu\u00e9 me gustaban tanto. <\/h2>\n\n\n\n<figure class=\"wp-block-image size-large is-resized  eplus-FQYgxQ\"><img fetchpriority=\"high\" decoding=\"async\" src=\"https:\/\/sergiomercurio.com.ar\/web\/wp-content\/uploads\/2020\/09\/ECHADO-DE-LA-LIBRERIA-1024x781.jpg\" alt=\"\" class=\"wp-image-8341 no-lazyload\" width=\"1451\" height=\"1105\" srcset=\"https:\/\/sergiomercurio.com.ar\/web\/wp-content\/uploads\/2020\/09\/ECHADO-DE-LA-LIBRERIA-1024x781.jpg 1024w, https:\/\/sergiomercurio.com.ar\/web\/wp-content\/uploads\/2020\/09\/ECHADO-DE-LA-LIBRERIA-600x458.jpg 600w, https:\/\/sergiomercurio.com.ar\/web\/wp-content\/uploads\/2020\/09\/ECHADO-DE-LA-LIBRERIA-768x586.jpg 768w\" sizes=\"(max-width: 1451px) 100vw, 1451px\" \/><\/figure>\n\n\n\n<h2 class=\"eplus-VfAumI wp-block-heading\" id=\"block-f9bf909b-f72a-4093-a1e5-51690b3e57df\">En cada Episodio aprovech\u00e9 para revelar una parte de algo inusitado que ha permanecido oculto durante mucho tiempo en la cultura argentina y es la historia de  Mariano Kras y la librer\u00eda de Calzada.<\/h2>\n\n\n\n<hr class=\"wp-block-separator  eplus-urKeby\"\/>\n\n\n\n<h2 class=\"eplus-j1lu2n has-text-color wp-block-heading\" style=\"color:#c5031f\">Todos los episodios<\/h2>\n\n\n\n<figure class=\"wp-block-audio  eplus-RJ9grs\"><audio controls src=\"https:\/\/sergiomercurio.com.ar\/web\/wp-content\/uploads\/2021\/03\/1.-Joe-Sacco-EDLL.mp3\"><\/audio><figcaption>Joe Sacco<\/figcaption><\/figure>\n\n\n\n<figure class=\"wp-block-audio  eplus-yUT9ul\"><audio controls src=\"https:\/\/sergiomercurio.com.ar\/web\/wp-content\/uploads\/2021\/03\/2.-Kapuscinski-edll-1.mp3\"><\/audio><figcaption>Ryzard Kapuscinki<\/figcaption><\/figure>\n\n\n\n<figure class=\"wp-block-audio  eplus-22hhCw\"><audio controls src=\"https:\/\/sergiomercurio.com.ar\/web\/wp-content\/uploads\/2021\/03\/3-Jamie-saenz-EDLL.mp3\"><\/audio><figcaption>Jaime S\u00e1enz<\/figcaption><\/figure>\n\n\n\n<figure class=\"wp-block-audio  eplus-S1lxFP\"><audio controls src=\"https:\/\/sergiomercurio.com.ar\/web\/wp-content\/uploads\/2021\/03\/4-Mia-Couto-EDLL.mp3\"><\/audio><figcaption>Mia Couto<\/figcaption><\/figure>\n\n\n\n<figure class=\"wp-block-audio  eplus-gseNbw\"><audio controls src=\"https:\/\/sergiomercurio.com.ar\/web\/wp-content\/uploads\/2021\/03\/5-Luis-Fernando-Verissimo-EDLL-1.mp3\"><\/audio><figcaption>Luis Fernando Ver\u00edssimo<\/figcaption><\/figure>\n\n\n\n<figure class=\"wp-block-audio  eplus-2v1NcP\"><audio controls src=\"https:\/\/sergiomercurio.com.ar\/web\/wp-content\/uploads\/2021\/03\/6-Guillermo-Arriaga-EDLL.mp3\"><\/audio><figcaption>Guillermo Arriaga<\/figcaption><\/figure>\n\n\n\n<figure class=\"wp-block-audio  eplus-gwpdGo\"><audio controls src=\"https:\/\/sergiomercurio.com.ar\/web\/wp-content\/uploads\/2021\/03\/7.Akabal-mp3.mp3\"><\/audio><figcaption>Humberto A\u00b4kabal<\/figcaption><\/figure>\n\n\n\n<figure class=\"wp-block-audio  eplus-rI18f2\"><audio controls src=\"https:\/\/sergiomercurio.com.ar\/web\/wp-content\/uploads\/2021\/03\/Spinoza-Mp3.mp3\"><\/audio><figcaption>Benedictus Spinoza<\/figcaption><\/figure>\n","protected":false},"excerpt":{"rendered":"<p>En el a\u00f1o 2018, Hern\u00e1n Cacace me propone que participe en su programa semanal de radio con una columna con respecto a mis viajes. Ya hac\u00eda un tiempo que ya quer\u00eda dejar de hablar de mi pasado, entonces le propuse realizar una columna de literatura. Se me ocurri\u00f3 elegir autores que a mi modo de [&hellip;]<\/p>\n","protected":false},"author":1,"featured_media":0,"parent":0,"menu_order":7,"comment_status":"closed","ping_status":"closed","template":"","meta":{"ngg_post_thumbnail":0,"footnotes":""},"categories":[51],"tags":[76],"class_list":["post-2459","page","type-page","status-publish","hentry","category-podcast","tag-programa-de-radio"],"_links":{"self":[{"href":"https:\/\/sergiomercurio.com.ar\/web\/wp-json\/wp\/v2\/pages\/2459","targetHints":{"allow":["GET"]}}],"collection":[{"href":"https:\/\/sergiomercurio.com.ar\/web\/wp-json\/wp\/v2\/pages"}],"about":[{"href":"https:\/\/sergiomercurio.com.ar\/web\/wp-json\/wp\/v2\/types\/page"}],"author":[{"embeddable":true,"href":"https:\/\/sergiomercurio.com.ar\/web\/wp-json\/wp\/v2\/users\/1"}],"replies":[{"embeddable":true,"href":"https:\/\/sergiomercurio.com.ar\/web\/wp-json\/wp\/v2\/comments?post=2459"}],"version-history":[{"count":0,"href":"https:\/\/sergiomercurio.com.ar\/web\/wp-json\/wp\/v2\/pages\/2459\/revisions"}],"wp:attachment":[{"href":"https:\/\/sergiomercurio.com.ar\/web\/wp-json\/wp\/v2\/media?parent=2459"}],"wp:term":[{"taxonomy":"category","embeddable":true,"href":"https:\/\/sergiomercurio.com.ar\/web\/wp-json\/wp\/v2\/categories?post=2459"},{"taxonomy":"post_tag","embeddable":true,"href":"https:\/\/sergiomercurio.com.ar\/web\/wp-json\/wp\/v2\/tags?post=2459"}],"curies":[{"name":"wp","href":"https:\/\/api.w.org\/{rel}","templated":true}]}}

PODCAST: Echado de la librería. 2018/2019

<h2 class="eplus-zhuIOB wp-block-heading">En el año 2018, Hernán Cacace me propone que participe en su programa semanal de radio con una columna con respecto a mis viajes. Ya hacía un tiempo que ya quería dejar de hablar de mi pasado, entonces le propuse realizar una columna de literatura. Se me ocurrió elegir autores que a mi modo de ver eran poco conocidos, o totalmente ignorados. Elegí 10, hacer cada programa fue un enorme disfrute, en cierto aspecto a algunos los tuve que descubrir, lo más dificil fue explicar por qué me gustaban tanto. </h2>



<figure class="wp-block-image size-large is-resized  eplus-FQYgxQ"><img fetchpriority="high" decoding="async" src="https://sergiomercurio.com.ar/web/wp-content/uploads/2020/09/ECHADO-DE-LA-LIBRERIA-1024x781.jpg" alt="" class="wp-image-8341 no-lazyload" width="1451" height="1105" srcset="https://sergiomercurio.com.ar/web/wp-content/uploads/2020/09/ECHADO-DE-LA-LIBRERIA-1024x781.jpg 1024w, https://sergiomercurio.com.ar/web/wp-content/uploads/2020/09/ECHADO-DE-LA-LIBRERIA-600x458.jpg 600w, https://sergiomercurio.com.ar/web/wp-content/uploads/2020/09/ECHADO-DE-LA-LIBRERIA-768x586.jpg 768w" sizes="(max-width: 1451px) 100vw, 1451px" /></figure>



<h2 class="eplus-VfAumI wp-block-heading" id="block-f9bf909b-f72a-4093-a1e5-51690b3e57df">En cada Episodio aproveché para revelar una parte de algo inusitado que ha permanecido oculto durante mucho tiempo en la cultura argentina y es la historia de  Mariano Kras y la librería de Calzada.</h2>



<hr class="wp-block-separator  eplus-urKeby"/>



<h2 class="eplus-j1lu2n has-text-color wp-block-heading" style="color:#c5031f">Todos los episodios</h2>



<figure class="wp-block-audio  eplus-RJ9grs"><audio controls src="https://sergiomercurio.com.ar/web/wp-content/uploads/2021/03/1.-Joe-Sacco-EDLL.mp3"></audio><figcaption>Joe Sacco</figcaption></figure>



<figure class="wp-block-audio  eplus-yUT9ul"><audio controls src="https://sergiomercurio.com.ar/web/wp-content/uploads/2021/03/2.-Kapuscinski-edll-1.mp3"></audio><figcaption>Ryzard Kapuscinki</figcaption></figure>



<figure class="wp-block-audio  eplus-22hhCw"><audio controls src="https://sergiomercurio.com.ar/web/wp-content/uploads/2021/03/3-Jamie-saenz-EDLL.mp3"></audio><figcaption>Jaime Sáenz</figcaption></figure>



<figure class="wp-block-audio  eplus-S1lxFP"><audio controls src="https://sergiomercurio.com.ar/web/wp-content/uploads/2021/03/4-Mia-Couto-EDLL.mp3"></audio><figcaption>Mia Couto</figcaption></figure>



<figure class="wp-block-audio  eplus-gseNbw"><audio controls src="https://sergiomercurio.com.ar/web/wp-content/uploads/2021/03/5-Luis-Fernando-Verissimo-EDLL-1.mp3"></audio><figcaption>Luis Fernando Veríssimo</figcaption></figure>



<figure class="wp-block-audio  eplus-2v1NcP"><audio controls src="https://sergiomercurio.com.ar/web/wp-content/uploads/2021/03/6-Guillermo-Arriaga-EDLL.mp3"></audio><figcaption>Guillermo Arriaga</figcaption></figure>



<figure class="wp-block-audio  eplus-gwpdGo"><audio controls src="https://sergiomercurio.com.ar/web/wp-content/uploads/2021/03/7.Akabal-mp3.mp3"></audio><figcaption>Humberto A´kabal</figcaption></figure>



<figure class="wp-block-audio  eplus-rI18f2"><audio controls src="https://sergiomercurio.com.ar/web/wp-content/uploads/2021/03/Spinoza-Mp3.mp3"></audio><figcaption>Benedictus Spinoza</figcaption></figure>

<p>En el año 2018, Hernán Cacace me propone que participe en su programa semanal de radio con una columna con respecto a mis viajes. Ya hacía un tiempo que ya quería dejar de hablar de mi pasado, entonces le propuse realizar una columna de literatura. Se me ocurrió elegir autores que a mi modo de [&hellip;]</p>
