{"id":550,"date":"2012-12-21T14:22:02","date_gmt":"2012-12-21T17:22:02","guid":{"rendered":"https:\/\/sergiomercurio.com.ar\/web\/?page_id=550"},"modified":"2024-01-14T15:54:53","modified_gmt":"2024-01-14T18:54:53","slug":"el-pintor-de-la-boveda-de-peron","status":"publish","type":"page","link":"https:\/\/sergiomercurio.com.ar\/web\/libros-y-cd\/el-pintor-de-la-boveda-de-peron\/","title":{"rendered":"El Pintor de la b\u00f3veda de Per\u00f3n"},"content":{"rendered":"\n<div class=\"wp-block-columns eplus-SJu1m5 is-layout-flex wp-container-core-columns-is-layout-28f84493 wp-block-columns-is-layout-flex\">\n<div class=\"wp-block-column eplus-6VHJQK is-layout-flow wp-block-column-is-layout-flow\" style=\"flex-basis:100%\">\n<div class=\"wp-block-columns eplus-Xo2YRZ is-layout-flex wp-container-core-columns-is-layout-28f84493 wp-block-columns-is-layout-flex\">\n<div class=\"wp-block-column eplus-B8jTNy is-layout-flow wp-block-column-is-layout-flow\">\n<figure class=\"wp-block-image size-large eplus-JTEBOG\"><img fetchpriority=\"high\" decoding=\"async\" width=\"304\" height=\"431\" src=\"https:\/\/sergiomercurio.com.ar\/web\/wp-content\/uploads\/2021\/05\/tapapintordelaboveda.jpg\" alt=\"\" class=\"wp-image-8981 no-lazyload\"\/><figcaption>El pintor de la B\u00f3veda de Per\u00f3n<\/figcaption><\/figure>\n\n\n\n<blockquote class=\"wp-block-quote eplus-3dSzPB is-layout-flow wp-block-quote-is-layout-flow\"><p>187pag. Tapa dura. Ilustraciones Flor LLoret<\/p><\/blockquote>\n<\/div>\n\n\n\n<div class=\"wp-block-column eplus-qZNKW5 is-layout-flow wp-block-column-is-layout-flow\">\n<div class=\"wp-block-columns eplus-hZu4Ny is-layout-flex wp-container-core-columns-is-layout-28f84493 wp-block-columns-is-layout-flex\">\n<div class=\"wp-block-column eplus-zcYRUX is-layout-flow wp-block-column-is-layout-flow\" style=\"flex-basis:100%\">\n<p class=\"eplus-i5XR3B\">Mi abuelo se llam\u00f3 Juan Jos\u00e9 Mercurio. Era pintor de brocha gorda. Naci\u00f3 en el oeste bonaerense, en Chivilcoy, desde los 7 a\u00f1os trabaj\u00f3 de \u201csol a sol\u201d en el campo, hasta que un tipo que se llam\u00f3 Per\u00f3n acab\u00f3 con ese tipo de explotaci\u00f3n. Mi abuelo anduvo por la Argentina siempre con un libro abajo del brazo, finalmente se instal\u00f3 en la peque\u00f1a ciudad de Banfield.&nbsp;Cuando la dictadura c\u00edvico- militar se instal\u00f3 en el pa\u00eds, Videla&nbsp; decidi\u00f3 trasladar el cuerpo de Per\u00f3n, al cementerio de la chacarita. Por puro azar, mi abuelo se enter\u00f3 de ese acontecimiento absolutamente secreto y decidi\u00f3 que iba a ser lo imposible para pintar la b\u00f3veda que iban a construir para que Per\u00f3n descanse y lo logr\u00f3.Guard\u00f3 eso en secreto, incluso para su familia y cuando usurparon la b\u00f3veda y le cortaron las manos a Per\u00f3n, estuvo a punto de revelar lo que sab\u00eda.<\/p>\n<\/div>\n<\/div>\n\n\n\n<p class=\"eplus-ANvSTj\">Yo pas\u00e9 mucho tiempo con \u00e9l y pude escuchar innumerables historias. Una ma\u00f1ana del a\u00f1o 2011 el arquitecto responsable de la construcci\u00f3n de la b\u00f3veda me busc\u00f3 para contarme lo que mi abuelo hab\u00eda&nbsp; guardado en secreto y hecho 30 a\u00f1os antes.<\/p>\n\n\n\n<p class=\"eplus-qYFlkd\">Ese acontecimiento me inst\u00f3 a recuperar la memoria de ese hombre, que alguna vez me dijo, que si tuviera que contar su vida deber\u00eda escribir una novela. Eso fue lo que hice.<\/p>\n\n\n\n<p class=\"eplus-7j99qW\">Este libro cuenta la vida de un de un ni\u00f1o campesino, un hombre rural politizado, uno de mis abuelos.<\/p>\n<\/div>\n<\/div>\n<\/div>\n<\/div>\n\n\n\n<p class=\"eplus-tSWrla\"><strong>Fred Nu\u00f1ez interpreta el capitulo 5 de la segunda parte<\/strong><\/p>\n\n\n\n<div class=\"wp-block-columns eplus-yMB57S is-layout-flex wp-container-core-columns-is-layout-28f84493 wp-block-columns-is-layout-flex\">\n<div class=\"wp-block-column eplus-tvTmgu is-layout-flow wp-block-column-is-layout-flow\">\n<figure class=\"wp-block-embed is-type-video is-provider-youtube wp-block-embed-youtube eplus-bwG7nH wp-embed-aspect-16-9 wp-has-aspect-ratio\"><div class=\"wp-block-embed__wrapper\">\n<iframe title=\"El Andariego.(El pintor de la b\u00f3veda de Per\u00f3n) Por Fred Nu\u00f1ez\" width=\"800\" height=\"450\" src=\"https:\/\/www.youtube.com\/embed\/j3OZiCiEBIk?feature=oembed\" frameborder=\"0\" allow=\"accelerometer; autoplay; clipboard-write; encrypted-media; gyroscope; picture-in-picture\" allowfullscreen><\/iframe>\n<\/div><\/figure>\n<\/div>\n\n\n\n<div class=\"wp-block-column eplus-Ju6Mpk is-layout-flow wp-block-column-is-layout-flow\">\n<p class=\"eplus-i2Vc97\">Yo pas\u00e9 mucho tiempo con \u00e9l y pude escuchar innumerables historias. Una ma\u00f1ana del a\u00f1o 2011 el arquitecto responsable de la construcci\u00f3n de la b\u00f3veda me busc\u00f3 para contarme lo que mi abuelo hab\u00eda&nbsp; guardado en secreto y hecho 30 a\u00f1os antes.<\/p>\n\n\n\n<p class=\"eplus-8vOAgk\">Ese acontecimiento me inst\u00f3 a recuperar la memoria de ese hombre, que alguna vez me dijo, que si tuviera que contar su vida deber\u00eda escribir una novela. Eso fue lo que hice.<\/p>\n\n\n\n<p class=\"eplus-e5n3x5\">Este libro cuenta la vida de un de un ni\u00f1o campesino, un hombre rural politizado, uno de mis abuelos.<\/p>\n<\/div>\n<\/div>\n\n\n\n<div class=\"wp-block-columns eplus-b8fEBz is-layout-flex wp-container-core-columns-is-layout-28f84493 wp-block-columns-is-layout-flex\">\n<div class=\"wp-block-column eplus-v5iEJ0 is-layout-flow wp-block-column-is-layout-flow\" style=\"flex-basis:66.66%\">\n<figure class=\"wp-block-video eplus-JlsCnj\"><video controls poster=\"https:\/\/sergiomercurio.com.ar\/web\/wp-content\/uploads\/2019\/12\/Captura-de-Pantalla-2019-12-26-a-las-14.34.12.png\" src=\"https:\/\/sergiomercurio.com.ar\/web\/wp-content\/uploads\/2019\/12\/JUAN-JOSE-MERCURIO.mp4\" class=\"no-lazyload\"><\/video><\/figure>\n<\/div>\n\n\n\n<div class=\"wp-block-column eplus-ILBiyW is-layout-flow wp-block-column-is-layout-flow\" style=\"flex-basis:33.33%\">\n<p class=\"eplus-GKGn0n\"><strong>Mi Abuelo en vivo<\/strong><\/p>\n\n\n\n<p class=\"eplus-w5TJiP\">En el a\u00f1o 89, estaba estudiando Cine, llev\u00e9 la c\u00e1mara hasta su casa, puse el video y empec\u00e9 a grabarlo<\/p>\n<\/div>\n<\/div>\n\n\n\n<div class=\"wp-block-cover has-background-dim eplus-mjtudm margin\"><img decoding=\"async\" width=\"304\" height=\"431\" class=\"wp-block-cover__image-background wp-image-8981 no-lazyload\" alt=\"\" src=\"https:\/\/sergiomercurio.com.ar\/web\/wp-content\/uploads\/2021\/05\/tapapintordelaboveda.jpg\" style=\"object-position:42% 27%\" data-object-fit=\"cover\" data-object-position=\"42% 27%\"\/><div class=\"wp-block-cover__inner-container is-layout-flow wp-block-cover-is-layout-flow\">\n<p class=\"has-text-align-center eplus-WZ5xSj has-large-font-size\">Comprar el libro<\/p>\n\n\n\n<div class=\"wp-block-buttons is-content-justification-center eplus-0pSMpk is-layout-flex wp-block-buttons-is-layout-flex\">\n<div class=\"wp-block-button eplus-eBIEIv\"><a class=\"wp-block-button__link has-ccp-white-color has-ccp-red-background-color has-text-color has-background\" href=\"https:\/\/www.libreriasudestada.com.ar\/search\/?q=titiritero\" target=\"_blank\" rel=\"noreferrer noopener\">Ir a la tienda de Sudestada<\/a><\/div>\n<\/div>\n<\/div><\/div>\n\n\n\n<p class=\"eplus-oeuWHC\"><\/p>\n\n\n\n<p class=\"eplus-9Qe6pO\"><\/p>\n\n\n\n<h2 class=\"eplus-iuSw6C wp-block-heading\">Toda la novela Le\u00edda por amigos<\/h2>\n\n\n\n<div class=\"wp-block-columns eplus-Ed2QZG is-layout-flex wp-container-core-columns-is-layout-28f84493 wp-block-columns-is-layout-flex\">\n<div class=\"wp-block-column eplus-Toawom is-layout-flow wp-block-column-is-layout-flow\">\n<figure class=\"wp-block-embed is-type-video is-provider-youtube wp-block-embed-youtube eplus-IOdtKn wp-embed-aspect-16-9 wp-has-aspect-ratio\"><div class=\"wp-block-embed__wrapper\">\n<iframe title=\"EL PINTOR DE LA B\u00d3VEDA DE PERON . La novela de mi abuelo. 1 Parte\" width=\"800\" height=\"450\" src=\"https:\/\/www.youtube.com\/embed\/3g7xlVY_0ek?feature=oembed\" frameborder=\"0\" allow=\"accelerometer; autoplay; clipboard-write; encrypted-media; gyroscope; picture-in-picture\" allowfullscreen><\/iframe>\n<\/div><\/figure>\n<\/div>\n\n\n\n<div class=\"wp-block-column eplus-YrE6wq is-layout-flow wp-block-column-is-layout-flow\">\n<figure class=\"wp-block-embed is-type-video is-provider-youtube wp-block-embed-youtube eplus-V69w7Q wp-embed-aspect-16-9 wp-has-aspect-ratio\"><div class=\"wp-block-embed__wrapper\">\n<iframe title=\"2 Parte. El pintor de la B\u00f3veda de Per\u00f3n La novela de mi abuelo\" width=\"800\" height=\"450\" src=\"https:\/\/www.youtube.com\/embed\/g7SwHp2w-PA?feature=oembed\" frameborder=\"0\" allow=\"accelerometer; autoplay; clipboard-write; encrypted-media; gyroscope; picture-in-picture\" allowfullscreen><\/iframe>\n<\/div><\/figure>\n\n\n\n<figure class=\"wp-block-embed is-type-video is-provider-youtube wp-block-embed-youtube eplus-EogiLI wp-embed-aspect-16-9 wp-has-aspect-ratio\"><div class=\"wp-block-embed__wrapper\">\n<iframe title=\"\u00daltima parte. El Pintor de la B\u00f3veda de Per\u00f3n.La novela de mi abuelo. Videoaudio libro\" width=\"800\" height=\"450\" src=\"https:\/\/www.youtube.com\/embed\/AspJU8gWTwE?feature=oembed\" frameborder=\"0\" allow=\"accelerometer; autoplay; clipboard-write; encrypted-media; gyroscope; picture-in-picture\" allowfullscreen><\/iframe>\n<\/div><\/figure>\n<\/div>\n\n\n\n<div class=\"wp-block-column eplus-XhWp6z is-layout-flow wp-block-column-is-layout-flow\">\n<figure class=\"wp-block-embed is-type-video is-provider-youtube wp-block-embed-youtube eplus-DTEG46 wp-embed-aspect-16-9 wp-has-aspect-ratio\"><div class=\"wp-block-embed__wrapper\">\n<iframe title=\"3 Parte El Pintor de la B\u00f3veda de Per\u00f3n. La novela de mi abuelo.\" width=\"800\" height=\"450\" src=\"https:\/\/www.youtube.com\/embed\/DbS8s_sIG-Q?feature=oembed\" frameborder=\"0\" allow=\"accelerometer; autoplay; clipboard-write; encrypted-media; gyroscope; picture-in-picture\" allowfullscreen><\/iframe>\n<\/div><\/figure>\n\n\n<\/div>\n<\/div>\n\n\n\n<p class=\"eplus-LiQlqz\"><\/p>\n","protected":false},"excerpt":{"rendered":"<p>187pag. Tapa dura. Ilustraciones Flor LLoret Mi abuelo se llam\u00f3 Juan Jos\u00e9 Mercurio. Era pintor de brocha gorda. Naci\u00f3 en el oeste bonaerense, en Chivilcoy, desde los 7 a\u00f1os trabaj\u00f3 de \u201csol a sol\u201d en el campo, hasta que un tipo que se llam\u00f3 Per\u00f3n acab\u00f3 con ese tipo de explotaci\u00f3n. Mi abuelo anduvo por [&hellip;]<\/p>\n","protected":false},"author":1,"featured_media":0,"parent":86,"menu_order":3,"comment_status":"closed","ping_status":"closed","template":"","meta":{"ngg_post_thumbnail":0,"footnotes":""},"categories":[64,48],"tags":[227,222,220,232,229,223,224,221,203,204,231,228,225,226,69,230],"class_list":["post-550","page","type-page","status-publish","hentry","category-libro","category-portada","tag-17-de-octubre","tag-alcides-mercurio","tag-banfield","tag-chivilcoy","tag-descamisados","tag-eva-duarte","tag-evita","tag-juan-carlos-mercurio","tag-juan-domingo-peron","tag-juan-jose-mercurio","tag-las-manos-de-peron","tag-negro","tag-peron","tag-peronistas","tag-sergio-mercurio","tag-videla"],"_links":{"self":[{"href":"https:\/\/sergiomercurio.com.ar\/web\/wp-json\/wp\/v2\/pages\/550","targetHints":{"allow":["GET"]}}],"collection":[{"href":"https:\/\/sergiomercurio.com.ar\/web\/wp-json\/wp\/v2\/pages"}],"about":[{"href":"https:\/\/sergiomercurio.com.ar\/web\/wp-json\/wp\/v2\/types\/page"}],"author":[{"embeddable":true,"href":"https:\/\/sergiomercurio.com.ar\/web\/wp-json\/wp\/v2\/users\/1"}],"replies":[{"embeddable":true,"href":"https:\/\/sergiomercurio.com.ar\/web\/wp-json\/wp\/v2\/comments?post=550"}],"version-history":[{"count":0,"href":"https:\/\/sergiomercurio.com.ar\/web\/wp-json\/wp\/v2\/pages\/550\/revisions"}],"up":[{"embeddable":true,"href":"https:\/\/sergiomercurio.com.ar\/web\/wp-json\/wp\/v2\/pages\/86"}],"wp:attachment":[{"href":"https:\/\/sergiomercurio.com.ar\/web\/wp-json\/wp\/v2\/media?parent=550"}],"wp:term":[{"taxonomy":"category","embeddable":true,"href":"https:\/\/sergiomercurio.com.ar\/web\/wp-json\/wp\/v2\/categories?post=550"},{"taxonomy":"post_tag","embeddable":true,"href":"https:\/\/sergiomercurio.com.ar\/web\/wp-json\/wp\/v2\/tags?post=550"}],"curies":[{"name":"wp","href":"https:\/\/api.w.org\/{rel}","templated":true}]}}