{"id":7937,"date":"2020-05-01T17:20:00","date_gmt":"2020-05-01T20:20:00","guid":{"rendered":"https:\/\/sergiomercurio.com.ar\/web\/?page_id=7937"},"modified":"2024-01-14T15:54:53","modified_gmt":"2024-01-14T18:54:53","slug":"mi-amigo-del-aire","status":"publish","type":"page","link":"https:\/\/sergiomercurio.com.ar\/web\/libros-y-cd\/mi-amigo-del-aire\/","title":{"rendered":"Mi amigo del Aire"},"content":{"rendered":"\n<div class=\"wp-block-columns eplus-wrapper is-layout-flex wp-container-core-columns-is-layout-28f84493 wp-block-columns-is-layout-flex\">\n<div class=\"wp-block-column eplus-wrapper is-layout-flow wp-block-column-is-layout-flow\">\n<figure class=\" wp-block-image size-large eplus-wrapper\"><img fetchpriority=\"high\" decoding=\"async\" width=\"1024\" height=\"951\" src=\"https:\/\/sergiomercurio.com.ar\/web\/wp-content\/uploads\/2020\/02\/anuncio-e1588882453522-1024x951.png\" alt=\"\" class=\"wp-image-6894 no-lazyload\" srcset=\"https:\/\/sergiomercurio.com.ar\/web\/wp-content\/uploads\/2020\/02\/anuncio-e1588882453522-1024x951.png 1024w, https:\/\/sergiomercurio.com.ar\/web\/wp-content\/uploads\/2020\/02\/anuncio-e1588882453522-600x557.png 600w, https:\/\/sergiomercurio.com.ar\/web\/wp-content\/uploads\/2020\/02\/anuncio-e1588882453522-768x713.png 768w, https:\/\/sergiomercurio.com.ar\/web\/wp-content\/uploads\/2020\/02\/anuncio-e1588882453522.png 1048w\" sizes=\"(max-width: 1024px) 100vw, 1024px\" \/><\/figure>\n\n\n\n<p class=\" eplus-wrapper\"><em>52 p\u00e1ginas, papel ilustraci\u00f3n. Ilustraciones Rodolfo Fucile<\/em><\/p>\n\n\n\n<p class=\" eplus-wrapper\"><em>Editado en 2020.<\/em><\/p>\n<\/div>\n\n\n\n<div class=\"wp-block-column eplus-wrapper is-layout-flow wp-block-column-is-layout-flow\">\n<p class=\" has-drop-cap has-large-font-size eplus-wrapper\">Mi amigo del aire es un cuento, que relata la relaci\u00f3n entre dos amigos feos. <br>Mercurio es el gordo de Barba que est\u00e1 atr\u00e1s del flaco de lentes: \u00e9se es Valdez. Ellos descubren la capacidad que todos los feos tienen: pueden volar de noche.<\/p>\n\n\n\n<p class=\" has-drop-cap has-large-font-size eplus-wrapper\">Este libro est\u00e1 dedicado a la amistad, <strong>esa alegr\u00eda<\/strong>.<\/p>\n\n\n\n<p class=\" eplus-wrapper\"><em>Si quer\u00e9s aprender a volar o si la persona que m\u00e1s quer\u00e9s lo quiere hacer con vos, este es el manual de instrucciones. Una historia llena de magia y filosof\u00eda, un repensar la vida para comprender a todos. Me fascin\u00f3, una historia incre\u00edble de sobrevuelos del alma.<\/em><\/p>\n\n\n\n<p class=\" has-text-align-right eplus-wrapper\"><strong>Alejandro seta<\/strong><\/p>\n<\/div>\n<\/div>\n\n\n\n<figure class=\"wp-embed-aspect-16-9 wp-has-aspect-ratio wp-block-embed is-type-video is-provider-youtube wp-block-embed-youtube eplus-wrapper\"><div class=\"wp-block-embed__wrapper\">\n<iframe title=\"Mi amigo del aire\" width=\"800\" height=\"450\" src=\"https:\/\/www.youtube.com\/embed\/XJUYFpHJRmw?feature=oembed\" frameborder=\"0\" allow=\"accelerometer; autoplay; clipboard-write; encrypted-media; gyroscope; picture-in-picture\" allowfullscreen><\/iframe>\n<\/div><\/figure>\n\n\n\n<div class=\"margin wp-block-cover is-light eplus-wrapper\"><span aria-hidden=\"true\" class=\"wp-block-cover__background has-background-dim\"><\/span><img decoding=\"async\" width=\"1048\" height=\"973\" class=\"wp-block-cover__image-background wp-image-6894 no-lazyload\" alt=\"\" src=\"https:\/\/sergiomercurio.com.ar\/web\/wp-content\/uploads\/2020\/02\/anuncio-e1588882453522.png\" style=\"object-position:69% 18%\" data-object-fit=\"cover\" data-object-position=\"69% 18%\" srcset=\"https:\/\/sergiomercurio.com.ar\/web\/wp-content\/uploads\/2020\/02\/anuncio-e1588882453522.png 1048w, https:\/\/sergiomercurio.com.ar\/web\/wp-content\/uploads\/2020\/02\/anuncio-e1588882453522-600x557.png 600w, https:\/\/sergiomercurio.com.ar\/web\/wp-content\/uploads\/2020\/02\/anuncio-e1588882453522-1024x951.png 1024w, https:\/\/sergiomercurio.com.ar\/web\/wp-content\/uploads\/2020\/02\/anuncio-e1588882453522-768x713.png 768w\" sizes=\"(max-width: 1048px) 100vw, 1048px\" \/><div class=\"wp-block-cover__inner-container is-layout-flow wp-block-cover-is-layout-flow\">\n<p class=\" has-text-align-center has-large-font-size eplus-wrapper\">Comprar el libro<\/p>\n\n\n\n<div class=\"wp-block-buttons eplus-wrapper is-horizontal is-content-justification-center is-layout-flex wp-container-core-buttons-is-layout-03627597 wp-block-buttons-is-layout-flex\">\n<div class=\" wp-block-button eplus-wrapper\"><a class=\"wp-block-button__link has-ccp-white-color has-ccp-red-background-color has-text-color has-background wp-element-button\" href=\"https:\/\/www.libreriasudestada.com.ar\/search\/?q=titiritero\" target=\"_blank\" rel=\"noreferrer noopener\">Ir a la tienda de Sudestada<\/a><\/div>\n<\/div>\n<\/div><\/div>\n\n\n\n<h2 class=\" wp-block-heading eplus-wrapper\">Comentarios de lectores<\/h2>\n\n\n\n<div class=\"wp-block-columns eplus-wrapper is-layout-flex wp-container-core-columns-is-layout-28f84493 wp-block-columns-is-layout-flex\">\n<div class=\"wp-block-column eplus-wrapper is-layout-flow wp-block-column-is-layout-flow\">\n<p class=\" has-drop-cap has-small-font-size eplus-wrapper\">gracias otra vez por este regalo literario. Este libro lo le\u00ed con intermitencias, fui y vine, de d\u00eda no pod\u00eda leer abr\u00eda y cerraba el libro sin animarme a comenzar, leerlo a la noche fue distinto. Cuando avanc\u00e9 en la lectura descubr\u00ed por qu\u00e9 tal vez algo de m\u00e1gico o maravilloso causaba ese efecto. Por momentos abr\u00eda cualquier p\u00e1gina del libro y le\u00eda fragmentos que me hac\u00edan volar con la imaginaci\u00f3n. Por momentos mi amigo del aire fue un \u201cenigma\u201d, me cost\u00f3 mantener una lectura lineal, tal vez porque cuando intentaba mantener el equilibrio me sorprend\u00eda alguna ventana que me hacia mirar hacia otra parte, hacia el interior del libro mismo por ejemplo, me quedaba admirando las maravillosas ilustraciones de Rodolfo, impresionante la ilustraci\u00f3n de la muestra pl\u00e1stica con la abrumadora impostura de los falsos! Cu\u00e1ntos caretas en la vida! Otras veces volaba hacia afuera, entonces miraba por la ventana al cielo e intentaba descubrir alg\u00fan par de amigos que hubieran salido a volar\u2026 confieso que una noche sospech\u00e9 ver a Mercurio y Valdez hacer piruetas sobre el techo de mi casa pero la perra los ahuyent\u00f3 con sus ladridos\u2026 Bella met\u00e1fora del vuelo. Todos tenemos un amigo del aire con el que volamos alto hasta que nos caemos y nos pegamos un buen porrazo. Entonces algo o alguien, por alguna causa a veces razonable otras no tanto, nos vuelve en s\u00ed y volvemos a intentar el vuelo, a orbitar para seguir. La met\u00e1fora de volar con un amigo, para m\u00ed, va m\u00e1s all\u00e1 de la amistad, en todo caso la amistad con uno mismo. Valdez hace las veces de amigo confidente, de alter ego, de provocador externo que nos hace salir al vuelo. El vuelo es la vida misma, es el deseo, son los sue\u00f1os! Siempre perseguimos deseos. Pero tenemos que tener cuidado con nuestros deseos \u201cYa hab\u00edan anunciado los griegos que los dioses castigan haciendo que se cumplan nuestros deseos\u201d Caemos y volvemos a levantar vuelo para seguir viviendo con todo lo que somos y a lo largo de toda la vida. Todos tenemos un Valdez que nos alienta y nos provoca, \u201csin Valdez es dif\u00edcil volar\u201d \u201cme espejaba en Valdez y \u00e9l me devolv\u00eda una imagen mejor de m\u00ed mismo.\u201d Afrontamos los miedos, descubrimos lo desconocido, volar es vivir, volar es no morir en el intento y \u201crenacer\u201d a la vuelta de cada viaje. Termino de escribir esta interpretaci\u00f3n y me dan ganas de salir a volar, perd\u00f3n, a leer otra vez algunos pasajes. Porque el vuelo no termina aunque nunca volvamos a intentarlo. La lectura no termina, siempre podemos volver a abrir este maravilloso libro. Bueno te dejo mi humilde impresi\u00f3n de este bello relato que con la originalidad que te caracteriza no deja sorprenderme. <\/p>\n\n\n\n<p class=\" has-drop-cap has-small-font-size eplus-wrapper\"><strong>Sabrina Herreros<\/strong><\/p>\n<\/div>\n\n\n\n<div class=\"wp-block-column eplus-wrapper is-layout-flow wp-block-column-is-layout-flow\">\n<p class=\" has-drop-cap has-small-font-size eplus-wrapper\">Querido Valdez Lo felicito por el libro que le hizo escribir a Mercurio. Una obra de arte. Usted tuvo raz\u00f3n en provocar al artista que Mercurio lleva dentro para que ese tipo provoque al volador que llevamos dentro nosotros (s\u00e9 que sobra la palabra nosotros pero me gusta escribirla). Ojal\u00e1 no se haya enterado por m\u00ed de la existencia del libro. Se llama Mi amigo del aire. Tranquilo, no hay riesgo alguno de que se sepa la verdad sobre la cofrad\u00eda del vuelo. Como dir\u00eda usted, el libro es suficientemente bueno como para ser un \u00e9xito. Y adem\u00e1s, bajo cuidadosos c\u00e1lculos de Mercurio (que habr\u00e1 pensado mil veces el asunto), se public\u00f3 en \u00e9poca de pandemia y Neflix; pasa desapercibido y llega a quienes debe llegar. Plan perfecto. Adem\u00e1s, se ve que Mercurio cambi\u00f3 algunas cosas para cuidar la verdad: quise colarme en el supermercado recitando al de seguridad la formaci\u00f3n de Suecia del 78 y casi me caga a trompadas. \u00c9l y la gente (que insultando con barbijos sonaba monstruosa). Perd\u00f3n. Me fui por las ramas. Digo que Mercurio estuvo a la altura de su nombre volador y solt\u00f3 el libro. Un amigo lo dej\u00f3 en la terraza de mi casa. Leerlo fue como volar entre \u00e1rboles con los ojos cerrados, pero sin ese dolor de huevos que implica el aterrizaje. Bueno, Valdez, a esta altura supongo que podr\u00e1 preguntarse por qu\u00e9 carajos me escribe este tipo. Le digo. Es s\u00f3lo para darle gracias por empujar o inspirar a su amigo. Que siempre nazca por mis pagos cualquier noche, la amistad y el vuelo nocturno. En eso el libro, aunque no lo advierte en la contratapa ni un pr\u00f3logo innecesario, es muy claro: se lo lee de noche. Sepa entender que mis sue\u00f1os volanderos me delatan, por lo que prefiero no firmar esta nota. Mis l\u00edneas de Nazca, aunque puedan llegar bastante m\u00e1s lejos, son banfile\u00f1as. Y si alguna vez aterriz\u00f3 en Per\u00fa, tomar\u00e9 un trago y brindar\u00e9 en su nombre. Pd: este Mercurio hasta se busc\u00f3, seg\u00fan palabras de mi hijo, un ilustrador de puta madre. Listo. No hablo m\u00e1s huevadas. Gracias.<\/p>\n\n\n\n<p class=\" eplus-wrapper\"><strong>Matias Ronco<\/strong><\/p>\n<\/div>\n\n\n\n<div class=\"wp-block-column eplus-wrapper is-layout-flow wp-block-column-is-layout-flow\">\n<p class=\" eplus-wrapper\">Creo haber visto todos tus espect\u00e1culos, tus pel\u00edculas, particip\u00e9 de Principia, en suma, te sigo. Por lo que el libro no me sorprendi\u00f3, es un Mercurio aut\u00e9ntico. Profundo, filos\u00f3fico, divertido. Una historia bien contada, adem\u00e1s. Me la imagin\u00e9 actuada, al estilo de viejos de mi&#8230;<\/p>\n\n\n\n<p class=\" eplus-wrapper\"><strong>Cecilia Blanco<\/strong><\/p>\n\n\n\n<p class=\" eplus-wrapper\"><em>Que belleza de libro Sergio. Un homenaje a la amistad, que enorme valor tiene. Los amigos son la familia que si podemos escoger. Un d\u00eda escuch\u00e9 esa frase y es muy cierta. Una joya de libro. Tuve muchos sentimientos a lo largo de la lectura, me hizo pensar en lo realmente importante de la vida.. Vivir!<\/em><\/p>\n\n\n\n<p class=\" eplus-wrapper\"><em>Muchas gracias por siempre tocarme. Es incre\u00edble pensar que todo este viaje que he hecho con vos , aunque sea a la distancia inici\u00f3 con una obra de teatro. Sin duda sos mi amigo del aire.<\/em><\/p>\n\n\n\n<p class=\" eplus-wrapper\"><strong>Humberto Mora ( Costa RIca)<\/strong><\/p>\n\n\n\n<p class=\" eplus-wrapper\"><\/p>\n\n\n\n<p class=\" eplus-wrapper\">Terminei a leitura do Mi amigo del Aire !!!<br>Aprendi a volar mas un poquito com usted e com Valdez !!!<br>Escusas pelo portu\u00f1ol !!!<br> Que belo livro S\u00e9rgio. Que boa ideia e que tremenda execu\u00e7\u00e3o. Ritmo, delicadeza, for\u00e7a, humor, riqu\u00edssima imagina\u00e7\u00e3o e muitos, muitos convites \u00e0 reflex\u00e3o. Al\u00e9m do mais ficou no tamanho exato que permite uma futura releitura, para apoderar-se e beber mais um pouquinho dessa bela est\u00f3ria. Ou seria uma ainda mais bela hist\u00f3ria?&nbsp;&nbsp;<\/p>\n\n\n\n<p class=\" eplus-wrapper\"><strong>Danguy<\/strong> (<strong>Brasil<\/strong>)<\/p>\n<\/div>\n<\/div>\n\n\n","protected":false},"excerpt":{"rendered":"<p>52 p\u00e1ginas, papel ilustraci\u00f3n. Ilustraciones Rodolfo Fucile Editado en 2020. Mi amigo del aire es un cuento, que relata la relaci\u00f3n entre dos amigos feos. Mercurio es el gordo de Barba que est\u00e1 atr\u00e1s del flaco de lentes: \u00e9se es Valdez. Ellos descubren la capacidad que todos los feos tienen: pueden volar de noche. Este [&hellip;]<\/p>\n","protected":false},"author":1,"featured_media":10570,"parent":86,"menu_order":4,"comment_status":"closed","ping_status":"closed","template":"","meta":{"ngg_post_thumbnail":0,"footnotes":""},"categories":[64,48],"tags":[235,70,234,68,69],"class_list":["post-7937","page","type-page","status-publish","has-post-thumbnail","hentry","category-libro","category-portada","tag-cuento","tag-cuentos-mercurio","tag-matias-ronco","tag-mi-amigo-del-aire","tag-sergio-mercurio"],"_links":{"self":[{"href":"https:\/\/sergiomercurio.com.ar\/web\/wp-json\/wp\/v2\/pages\/7937","targetHints":{"allow":["GET"]}}],"collection":[{"href":"https:\/\/sergiomercurio.com.ar\/web\/wp-json\/wp\/v2\/pages"}],"about":[{"href":"https:\/\/sergiomercurio.com.ar\/web\/wp-json\/wp\/v2\/types\/page"}],"author":[{"embeddable":true,"href":"https:\/\/sergiomercurio.com.ar\/web\/wp-json\/wp\/v2\/users\/1"}],"replies":[{"embeddable":true,"href":"https:\/\/sergiomercurio.com.ar\/web\/wp-json\/wp\/v2\/comments?post=7937"}],"version-history":[{"count":0,"href":"https:\/\/sergiomercurio.com.ar\/web\/wp-json\/wp\/v2\/pages\/7937\/revisions"}],"up":[{"embeddable":true,"href":"https:\/\/sergiomercurio.com.ar\/web\/wp-json\/wp\/v2\/pages\/86"}],"wp:featuredmedia":[{"embeddable":true,"href":"https:\/\/sergiomercurio.com.ar\/web\/wp-json\/wp\/v2\/media\/10570"}],"wp:attachment":[{"href":"https:\/\/sergiomercurio.com.ar\/web\/wp-json\/wp\/v2\/media?parent=7937"}],"wp:term":[{"taxonomy":"category","embeddable":true,"href":"https:\/\/sergiomercurio.com.ar\/web\/wp-json\/wp\/v2\/categories?post=7937"},{"taxonomy":"post_tag","embeddable":true,"href":"https:\/\/sergiomercurio.com.ar\/web\/wp-json\/wp\/v2\/tags?post=7937"}],"curies":[{"name":"wp","href":"https:\/\/api.w.org\/{rel}","templated":true}]}}

<div class="wp-block-columns eplus-wrapper is-layout-flex wp-container-core-columns-is-layout-28f84493 wp-block-columns-is-layout-flex">
<div class="wp-block-column eplus-wrapper is-layout-flow wp-block-column-is-layout-flow">
<figure class=" wp-block-image size-large eplus-wrapper"><img fetchpriority="high" decoding="async" width="1024" height="951" src="https://sergiomercurio.com.ar/web/wp-content/uploads/2020/02/anuncio-e1588882453522-1024x951.png" alt="" class="wp-image-6894 no-lazyload" srcset="https://sergiomercurio.com.ar/web/wp-content/uploads/2020/02/anuncio-e1588882453522-1024x951.png 1024w, https://sergiomercurio.com.ar/web/wp-content/uploads/2020/02/anuncio-e1588882453522-600x557.png 600w, https://sergiomercurio.com.ar/web/wp-content/uploads/2020/02/anuncio-e1588882453522-768x713.png 768w, https://sergiomercurio.com.ar/web/wp-content/uploads/2020/02/anuncio-e1588882453522.png 1048w" sizes="(max-width: 1024px) 100vw, 1024px" /></figure>



<p class=" eplus-wrapper"><em>52 páginas, papel ilustración. Ilustraciones Rodolfo Fucile</em></p>



<p class=" eplus-wrapper"><em>Editado en 2020.</em></p>
</div>



<div class="wp-block-column eplus-wrapper is-layout-flow wp-block-column-is-layout-flow">
<p class=" has-drop-cap has-large-font-size eplus-wrapper">Mi amigo del aire es un cuento, que relata la relación entre dos amigos feos. <br>Mercurio es el gordo de Barba que está atrás del flaco de lentes: ése es Valdez. Ellos descubren la capacidad que todos los feos tienen: pueden volar de noche.</p>



<p class=" has-drop-cap has-large-font-size eplus-wrapper">Este libro está dedicado a la amistad, <strong>esa alegría</strong>.</p>



<p class=" eplus-wrapper"><em>Si querés aprender a volar o si la persona que más querés lo quiere hacer con vos, este es el manual de instrucciones. Una historia llena de magia y filosofía, un repensar la vida para comprender a todos. Me fascinó, una historia increíble de sobrevuelos del alma.</em></p>



<p class=" has-text-align-right eplus-wrapper"><strong>Alejandro seta</strong></p>
</div>
</div>



<figure class="wp-embed-aspect-16-9 wp-has-aspect-ratio wp-block-embed is-type-video is-provider-youtube wp-block-embed-youtube eplus-wrapper"><div class="wp-block-embed__wrapper">
<iframe title="Mi amigo del aire" width="800" height="450" src="https://www.youtube.com/embed/XJUYFpHJRmw?feature=oembed" frameborder="0" allow="accelerometer; autoplay; clipboard-write; encrypted-media; gyroscope; picture-in-picture" allowfullscreen></iframe>
</div></figure>



<div class="margin wp-block-cover is-light eplus-wrapper"><span aria-hidden="true" class="wp-block-cover__background has-background-dim"></span><img decoding="async" width="1048" height="973" class="wp-block-cover__image-background wp-image-6894 no-lazyload" alt="" src="https://sergiomercurio.com.ar/web/wp-content/uploads/2020/02/anuncio-e1588882453522.png" style="object-position:69% 18%" data-object-fit="cover" data-object-position="69% 18%" srcset="https://sergiomercurio.com.ar/web/wp-content/uploads/2020/02/anuncio-e1588882453522.png 1048w, https://sergiomercurio.com.ar/web/wp-content/uploads/2020/02/anuncio-e1588882453522-600x557.png 600w, https://sergiomercurio.com.ar/web/wp-content/uploads/2020/02/anuncio-e1588882453522-1024x951.png 1024w, https://sergiomercurio.com.ar/web/wp-content/uploads/2020/02/anuncio-e1588882453522-768x713.png 768w" sizes="(max-width: 1048px) 100vw, 1048px" /><div class="wp-block-cover__inner-container is-layout-flow wp-block-cover-is-layout-flow">
<p class=" has-text-align-center has-large-font-size eplus-wrapper">Comprar el libro</p>



<div class="wp-block-buttons eplus-wrapper is-horizontal is-content-justification-center is-layout-flex wp-container-core-buttons-is-layout-03627597 wp-block-buttons-is-layout-flex">
<div class=" wp-block-button eplus-wrapper"><a class="wp-block-button__link has-ccp-white-color has-ccp-red-background-color has-text-color has-background wp-element-button" href="https://www.libreriasudestada.com.ar/search/?q=titiritero" target="_blank" rel="noreferrer noopener">Ir a la tienda de Sudestada</a></div>
</div>
</div></div>



<h2 class=" wp-block-heading eplus-wrapper">Comentarios de lectores</h2>



<div class="wp-block-columns eplus-wrapper is-layout-flex wp-container-core-columns-is-layout-28f84493 wp-block-columns-is-layout-flex">
<div class="wp-block-column eplus-wrapper is-layout-flow wp-block-column-is-layout-flow">
<p class=" has-drop-cap has-small-font-size eplus-wrapper">gracias otra vez por este regalo literario. Este libro lo leí con intermitencias, fui y vine, de día no podía leer abría y cerraba el libro sin animarme a comenzar, leerlo a la noche fue distinto. Cuando avancé en la lectura descubrí por qué tal vez algo de mágico o maravilloso causaba ese efecto. Por momentos abría cualquier página del libro y leía fragmentos que me hacían volar con la imaginación. Por momentos mi amigo del aire fue un “enigma”, me costó mantener una lectura lineal, tal vez porque cuando intentaba mantener el equilibrio me sorprendía alguna ventana que me hacia mirar hacia otra parte, hacia el interior del libro mismo por ejemplo, me quedaba admirando las maravillosas ilustraciones de Rodolfo, impresionante la ilustración de la muestra plástica con la abrumadora impostura de los falsos! Cuántos caretas en la vida! Otras veces volaba hacia afuera, entonces miraba por la ventana al cielo e intentaba descubrir algún par de amigos que hubieran salido a volar… confieso que una noche sospeché ver a Mercurio y Valdez hacer piruetas sobre el techo de mi casa pero la perra los ahuyentó con sus ladridos… Bella metáfora del vuelo. Todos tenemos un amigo del aire con el que volamos alto hasta que nos caemos y nos pegamos un buen porrazo. Entonces algo o alguien, por alguna causa a veces razonable otras no tanto, nos vuelve en sí y volvemos a intentar el vuelo, a orbitar para seguir. La metáfora de volar con un amigo, para mí, va más allá de la amistad, en todo caso la amistad con uno mismo. Valdez hace las veces de amigo confidente, de alter ego, de provocador externo que nos hace salir al vuelo. El vuelo es la vida misma, es el deseo, son los sueños! Siempre perseguimos deseos. Pero tenemos que tener cuidado con nuestros deseos “Ya habían anunciado los griegos que los dioses castigan haciendo que se cumplan nuestros deseos” Caemos y volvemos a levantar vuelo para seguir viviendo con todo lo que somos y a lo largo de toda la vida. Todos tenemos un Valdez que nos alienta y nos provoca, “sin Valdez es difícil volar” “me espejaba en Valdez y él me devolvía una imagen mejor de mí mismo.” Afrontamos los miedos, descubrimos lo desconocido, volar es vivir, volar es no morir en el intento y “renacer” a la vuelta de cada viaje. Termino de escribir esta interpretación y me dan ganas de salir a volar, perdón, a leer otra vez algunos pasajes. Porque el vuelo no termina aunque nunca volvamos a intentarlo. La lectura no termina, siempre podemos volver a abrir este maravilloso libro. Bueno te dejo mi humilde impresión de este bello relato que con la originalidad que te caracteriza no deja sorprenderme. </p>



<p class=" has-drop-cap has-small-font-size eplus-wrapper"><strong>Sabrina Herreros</strong></p>
</div>



<div class="wp-block-column eplus-wrapper is-layout-flow wp-block-column-is-layout-flow">
<p class=" has-drop-cap has-small-font-size eplus-wrapper">Querido Valdez Lo felicito por el libro que le hizo escribir a Mercurio. Una obra de arte. Usted tuvo razón en provocar al artista que Mercurio lleva dentro para que ese tipo provoque al volador que llevamos dentro nosotros (sé que sobra la palabra nosotros pero me gusta escribirla). Ojalá no se haya enterado por mí de la existencia del libro. Se llama Mi amigo del aire. Tranquilo, no hay riesgo alguno de que se sepa la verdad sobre la cofradía del vuelo. Como diría usted, el libro es suficientemente bueno como para ser un éxito. Y además, bajo cuidadosos cálculos de Mercurio (que habrá pensado mil veces el asunto), se publicó en época de pandemia y Neflix; pasa desapercibido y llega a quienes debe llegar. Plan perfecto. Además, se ve que Mercurio cambió algunas cosas para cuidar la verdad: quise colarme en el supermercado recitando al de seguridad la formación de Suecia del 78 y casi me caga a trompadas. Él y la gente (que insultando con barbijos sonaba monstruosa). Perdón. Me fui por las ramas. Digo que Mercurio estuvo a la altura de su nombre volador y soltó el libro. Un amigo lo dejó en la terraza de mi casa. Leerlo fue como volar entre árboles con los ojos cerrados, pero sin ese dolor de huevos que implica el aterrizaje. Bueno, Valdez, a esta altura supongo que podrá preguntarse por qué carajos me escribe este tipo. Le digo. Es sólo para darle gracias por empujar o inspirar a su amigo. Que siempre nazca por mis pagos cualquier noche, la amistad y el vuelo nocturno. En eso el libro, aunque no lo advierte en la contratapa ni un prólogo innecesario, es muy claro: se lo lee de noche. Sepa entender que mis sueños volanderos me delatan, por lo que prefiero no firmar esta nota. Mis líneas de Nazca, aunque puedan llegar bastante más lejos, son banfileñas. Y si alguna vez aterrizó en Perú, tomaré un trago y brindaré en su nombre. Pd: este Mercurio hasta se buscó, según palabras de mi hijo, un ilustrador de puta madre. Listo. No hablo más huevadas. Gracias.</p>



<p class=" eplus-wrapper"><strong>Matias Ronco</strong></p>
</div>



<div class="wp-block-column eplus-wrapper is-layout-flow wp-block-column-is-layout-flow">
<p class=" eplus-wrapper">Creo haber visto todos tus espectáculos, tus películas, participé de Principia, en suma, te sigo. Por lo que el libro no me sorprendió, es un Mercurio auténtico. Profundo, filosófico, divertido. Una historia bien contada, además. Me la imaginé actuada, al estilo de viejos de mi&#8230;</p>



<p class=" eplus-wrapper"><strong>Cecilia Blanco</strong></p>



<p class=" eplus-wrapper"><em>Que belleza de libro Sergio. Un homenaje a la amistad, que enorme valor tiene. Los amigos son la familia que si podemos escoger. Un día escuché esa frase y es muy cierta. Una joya de libro. Tuve muchos sentimientos a lo largo de la lectura, me hizo pensar en lo realmente importante de la vida.. Vivir!</em></p>



<p class=" eplus-wrapper"><em>Muchas gracias por siempre tocarme. Es increíble pensar que todo este viaje que he hecho con vos , aunque sea a la distancia inició con una obra de teatro. Sin duda sos mi amigo del aire.</em></p>



<p class=" eplus-wrapper"><strong>Humberto Mora ( Costa RIca)</strong></p>



<p class=" eplus-wrapper"></p>



<p class=" eplus-wrapper">Terminei a leitura do Mi amigo del Aire !!!<br>Aprendi a volar mas un poquito com usted e com Valdez !!!<br>Escusas pelo portuñol !!!<br> Que belo livro Sérgio. Que boa ideia e que tremenda execução. Ritmo, delicadeza, força, humor, riquíssima imaginação e muitos, muitos convites à reflexão. Além do mais ficou no tamanho exato que permite uma futura releitura, para apoderar-se e beber mais um pouquinho dessa bela estória. Ou seria uma ainda mais bela história?&nbsp;&nbsp;</p>



<p class=" eplus-wrapper"><strong>Danguy</strong> (<strong>Brasil</strong>)</p>
</div>
</div>

<p>52 páginas, papel ilustración. Ilustraciones Rodolfo Fucile Editado en 2020. Mi amigo del aire es un cuento, que relata la relación entre dos amigos feos. Mercurio es el gordo de Barba que está atrás del flaco de lentes: ése es Valdez. Ellos descubren la capacidad que todos los feos tienen: pueden volar de noche. Este [&hellip;]</p>
